{"id":1514732,"date":"2025-08-24T21:30:18","date_gmt":"2025-08-24T21:30:18","guid":{"rendered":""},"modified":"2025-08-24T21:30:18","modified_gmt":"2025-08-24T21:30:18","slug":"skijacke-4","status":"publish","type":"product","link":"https:\/\/mallwp.wufadu.top\/index.php\/product\/skijacke-4\/","title":{"rendered":"Skijacke"},"content":{"rendered":"<p>Sportart : Ski Alpin<br \/>Wetter : Schnee<br \/>Kragen : Kapuze<br \/>Kragen : Hochabschlie\u00dfend<br \/>Extras : Getapte N\u00e4hte<br \/>Bel\u00fcftung : Unterarmrei\u00dfverschl\u00fcsse<br \/>Verschluss : Rei\u00dfverschluss<br \/>Taschen : Napoleontasche, mit Rei\u00dfverschluss verschlie\u00dfbare Taschen<br \/>Verschluss : Frontrei\u00dfverschluss durchgehend<br \/>Kapuze : Verstellbar<br \/>\u00c4rmelb\u00fcndchen : Verstellbar durch Klettverschluss<br \/>Details Kapuze : Kapuze mit Tunnelzug<br \/>Muster : Bunt<br \/>Funktion : Atmungsaktiv<br \/>Artikelnummer : SC722T01O-K11<\/p>\n","protected":false},"excerpt":{"rendered":"<p>Sportart : Ski Alpin<br \/>Wetter : Schnee<br \/>Kragen : Kapuze<br \/>Kragen : Hochabschlie\u00dfend<br \/>Extras : Getapte N\u00e4hte<br \/>Bel\u00fcftung : Unterarmrei\u00dfverschl\u00fcsse<br \/>Verschluss : Rei\u00dfverschl<\/p>\n","protected":false},"featured_media":0,"comment_status":"open","ping_status":"closed","template":"","meta":[],"product_brand":[1845],"product_cat":[1747,808,2024],"product_tag":[],"class_list":{"0":"post-1514732","1":"product","2":"type-product","3":"status-publish","5":"product_brand-schoeffel","6":"product_cat-bekleidung-2","7":"product_cat-herren","8":"product_cat-sportbekleidung-2","10":"first","11":"instock","12":"shipping-taxable","13":"purchasable","14":"product-type-variable"},"jetpack_sharing_enabled":true,"_links":{"self":[{"href":"https:\/\/mallwp.wufadu.top\/index.php\/wp-json\/wp\/v2\/product\/1514732","targetHints":{"allow":["GET"]}}],"collection":[{"href":"https:\/\/mallwp.wufadu.top\/index.php\/wp-json\/wp\/v2\/product"}],"about":[{"href":"https:\/\/mallwp.wufadu.top\/index.php\/wp-json\/wp\/v2\/types\/product"}],"replies":[{"embeddable":true,"href":"https:\/\/mallwp.wufadu.top\/index.php\/wp-json\/wp\/v2\/comments?post=1514732"}],"wp:attachment":[{"href":"https:\/\/mallwp.wufadu.top\/index.php\/wp-json\/wp\/v2\/media?parent=1514732"}],"wp:term":[{"taxonomy":"product_brand","embeddable":true,"href":"https:\/\/mallwp.wufadu.top\/index.php\/wp-json\/wp\/v2\/product_brand?post=1514732"},{"taxonomy":"product_cat","embeddable":true,"href":"https:\/\/mallwp.wufadu.top\/index.php\/wp-json\/wp\/v2\/product_cat?post=1514732"},{"taxonomy":"product_tag","embeddable":true,"href":"https:\/\/mallwp.wufadu.top\/index.php\/wp-json\/wp\/v2\/product_tag?post=1514732"}],"curies":[{"name":"wp","href":"https:\/\/api.w.org\/{rel}","templated":true}]}}