{"id":1563442,"date":"2025-08-24T21:32:28","date_gmt":"2025-08-24T21:32:28","guid":{"rendered":""},"modified":"2025-08-24T21:32:28","modified_gmt":"2025-08-24T21:32:28","slug":"prttimothy-skijacke-4","status":"publish","type":"product","link":"https:\/\/mallwp.wufadu.top\/index.php\/product\/prttimothy-skijacke-4\/","title":{"rendered":"PRTTIMOTHY &#8211; Skijacke"},"content":{"rendered":"<p>Sportart : Ski Alpin, Snowboard<br \/>Wetter : Regen<br \/>Kragen : Kapuze<br \/>Kragen : Kinnschutz, hochabschlie\u00dfend, gef\u00fcttert<br \/>Extras : Rei\u00dfverschl\u00fcsse wasserabweisend<br \/>Bel\u00fcftung : Unterarmrei\u00dfverschl\u00fcsse<br \/>Verschluss : Rei\u00dfverschluss<br \/>Taschen : Napoleontasche, mit Rei\u00dfverschluss verschlie\u00dfbare Taschen, Tasche am \u00c4rmel<br \/>Verschluss : Frontrei\u00dfverschluss durchgehend<br \/>Kapuze : Verstellbar, helmtauglich<br \/>\u00c4rmelb\u00fcndchen : Verstellbar durch Klettverschluss<br \/>Details Kapuze : Kapuze mit Tunnelzug<br \/>Muster : Unifarben<br \/>Details : Rei\u00dfverschluss<br \/>Schichten : 3. Schicht (Wetterschutz) &#8211; Hardshell<br \/>Funktion : Wasserabweisend, wasserdicht, atmungsaktiv<br \/>Anzahl Schichten : Zwei Lagen<br \/>Gewicht : 165 g<br \/>Artikelnummer : P4442F03G-G11<\/p>\n","protected":false},"excerpt":{"rendered":"<p>Sportart : Ski Alpin, Snowboard<br \/>Wetter : Regen<br \/>Kragen : Kapuze<br \/>Kragen : Kinnschutz, hochabschlie\u00dfend, gef\u00fcttert<br \/>Extras : Rei\u00dfverschl\u00fcsse wasserabweisend<br \/>Bel\u00fcftung :<\/p>\n","protected":false},"featured_media":0,"comment_status":"open","ping_status":"closed","template":"","meta":[],"product_brand":[101],"product_cat":[1747,808,2024],"product_tag":[],"class_list":{"0":"post-1563442","1":"product","2":"type-product","3":"status-publish","5":"product_brand-protest","6":"product_cat-bekleidung-2","7":"product_cat-herren","8":"product_cat-sportbekleidung-2","10":"first","11":"instock","12":"shipping-taxable","13":"purchasable","14":"product-type-variable"},"jetpack_sharing_enabled":true,"_links":{"self":[{"href":"https:\/\/mallwp.wufadu.top\/index.php\/wp-json\/wp\/v2\/product\/1563442","targetHints":{"allow":["GET"]}}],"collection":[{"href":"https:\/\/mallwp.wufadu.top\/index.php\/wp-json\/wp\/v2\/product"}],"about":[{"href":"https:\/\/mallwp.wufadu.top\/index.php\/wp-json\/wp\/v2\/types\/product"}],"replies":[{"embeddable":true,"href":"https:\/\/mallwp.wufadu.top\/index.php\/wp-json\/wp\/v2\/comments?post=1563442"}],"wp:attachment":[{"href":"https:\/\/mallwp.wufadu.top\/index.php\/wp-json\/wp\/v2\/media?parent=1563442"}],"wp:term":[{"taxonomy":"product_brand","embeddable":true,"href":"https:\/\/mallwp.wufadu.top\/index.php\/wp-json\/wp\/v2\/product_brand?post=1563442"},{"taxonomy":"product_cat","embeddable":true,"href":"https:\/\/mallwp.wufadu.top\/index.php\/wp-json\/wp\/v2\/product_cat?post=1563442"},{"taxonomy":"product_tag","embeddable":true,"href":"https:\/\/mallwp.wufadu.top\/index.php\/wp-json\/wp\/v2\/product_tag?post=1563442"}],"curies":[{"name":"wp","href":"https:\/\/api.w.org\/{rel}","templated":true}]}}