{"id":2655192,"date":"2025-08-24T22:17:36","date_gmt":"2025-08-24T22:17:36","guid":{"rendered":""},"modified":"2025-08-24T22:17:36","modified_gmt":"2025-08-24T22:17:36","slug":"ebbe-handytasche-gruen-2","status":"publish","type":"product","link":"https:\/\/mallwp.wufadu.top\/index.php\/product\/ebbe-handytasche-gruen-2\/","title":{"rendered":"EBBE &#8211; Handytasche &#8211; gr\u00fcn"},"content":{"rendered":"<p>F\u00e4cher : Handyfach, ger\u00e4umiges Innenfach, M\u00fcnzfach, Kartenf\u00e4cher<br \/>Verschluss : Rei\u00dfverschluss<br \/>Muster : Unifarben<br \/>Details : Schnalle<br \/>Artikelnummer : GUG51F029-M11<\/p>\n","protected":false},"excerpt":{"rendered":"<p>F\u00e4cher : Handyfach, ger\u00e4umiges Innenfach, M\u00fcnzfach, Kartenf\u00e4cher<br \/>Verschluss : Rei\u00dfverschluss<br \/>Muster : Unifarben<br \/>Details : Schnalle<br \/>Artikelnummer : GUG51F029-M11<\/p>\n","protected":false},"featured_media":0,"comment_status":"open","ping_status":"closed","template":"","meta":[],"product_brand":[316],"product_cat":[2181,2180,2182],"product_tag":[],"class_list":{"0":"post-2655192","1":"product","2":"type-product","3":"status-publish","5":"product_brand-gusti-leder","6":"product_cat-accessoires-2","7":"product_cat-damen","8":"product_cat-lifestyle-elektronik-2","10":"first","11":"instock","12":"shipping-taxable","13":"purchasable","14":"product-type-variable"},"jetpack_sharing_enabled":true,"_links":{"self":[{"href":"https:\/\/mallwp.wufadu.top\/index.php\/wp-json\/wp\/v2\/product\/2655192","targetHints":{"allow":["GET"]}}],"collection":[{"href":"https:\/\/mallwp.wufadu.top\/index.php\/wp-json\/wp\/v2\/product"}],"about":[{"href":"https:\/\/mallwp.wufadu.top\/index.php\/wp-json\/wp\/v2\/types\/product"}],"replies":[{"embeddable":true,"href":"https:\/\/mallwp.wufadu.top\/index.php\/wp-json\/wp\/v2\/comments?post=2655192"}],"wp:attachment":[{"href":"https:\/\/mallwp.wufadu.top\/index.php\/wp-json\/wp\/v2\/media?parent=2655192"}],"wp:term":[{"taxonomy":"product_brand","embeddable":true,"href":"https:\/\/mallwp.wufadu.top\/index.php\/wp-json\/wp\/v2\/product_brand?post=2655192"},{"taxonomy":"product_cat","embeddable":true,"href":"https:\/\/mallwp.wufadu.top\/index.php\/wp-json\/wp\/v2\/product_cat?post=2655192"},{"taxonomy":"product_tag","embeddable":true,"href":"https:\/\/mallwp.wufadu.top\/index.php\/wp-json\/wp\/v2\/product_tag?post=2655192"}],"curies":[{"name":"wp","href":"https:\/\/api.w.org\/{rel}","templated":true}]}}