{"id":2813571,"date":"2025-08-24T22:30:48","date_gmt":"2025-08-24T22:30:48","guid":{"rendered":""},"modified":"2025-08-24T22:30:48","modified_gmt":"2025-08-24T22:30:48","slug":"reader-s-reisetasche-2","status":"publish","type":"product","link":"https:\/\/mallwp.wufadu.top\/index.php\/product\/reader-s-reisetasche-2\/","title":{"rendered":"READER S + &#8211; Reisetasche"},"content":{"rendered":"<p>Wetter : Regen<br \/>F\u00e4cher : Ger\u00e4umiges Innenfach, Rei\u00dfverschlussfach<br \/>Verschluss : Rei\u00dfverschluss<br \/>Muster : Unifarben<br \/>Details : Zwei-Wege-Rei\u00dfverschluss<br \/>Griff : Extra verst\u00e4rkt<br \/>Volumen : 40 l bei Gr\u00f6\u00dfe One Size<br \/>Gewicht : 760 g<br \/>Trageoptionen : L\u00e4ngenverstellbarer Crossbody-Riemen, abnehmbarer Crossbody-Riemen<br \/>Artikelnummer : EA254H0SC-Q11<\/p>\n","protected":false},"excerpt":{"rendered":"<p>Wetter : Regen<br \/>F\u00e4cher : Ger\u00e4umiges Innenfach, Rei\u00dfverschlussfach<br \/>Verschluss : Rei\u00dfverschluss<br \/>Muster : Unifarben<br \/>Details : Zwei-Wege-Rei\u00dfverschluss<br \/>Griff : Extra vers<\/p>\n","protected":false},"featured_media":0,"comment_status":"open","ping_status":"closed","template":"","meta":[],"product_brand":[313],"product_cat":[2181,2180,2469],"product_tag":[],"class_list":{"0":"post-2813571","1":"product","2":"type-product","3":"status-publish","5":"product_brand-eastpak","6":"product_cat-accessoires-2","7":"product_cat-damen","8":"product_cat-taschen","10":"first","11":"instock","12":"shipping-taxable","13":"purchasable","14":"product-type-variable"},"jetpack_sharing_enabled":true,"_links":{"self":[{"href":"https:\/\/mallwp.wufadu.top\/index.php\/wp-json\/wp\/v2\/product\/2813571","targetHints":{"allow":["GET"]}}],"collection":[{"href":"https:\/\/mallwp.wufadu.top\/index.php\/wp-json\/wp\/v2\/product"}],"about":[{"href":"https:\/\/mallwp.wufadu.top\/index.php\/wp-json\/wp\/v2\/types\/product"}],"replies":[{"embeddable":true,"href":"https:\/\/mallwp.wufadu.top\/index.php\/wp-json\/wp\/v2\/comments?post=2813571"}],"wp:attachment":[{"href":"https:\/\/mallwp.wufadu.top\/index.php\/wp-json\/wp\/v2\/media?parent=2813571"}],"wp:term":[{"taxonomy":"product_brand","embeddable":true,"href":"https:\/\/mallwp.wufadu.top\/index.php\/wp-json\/wp\/v2\/product_brand?post=2813571"},{"taxonomy":"product_cat","embeddable":true,"href":"https:\/\/mallwp.wufadu.top\/index.php\/wp-json\/wp\/v2\/product_cat?post=2813571"},{"taxonomy":"product_tag","embeddable":true,"href":"https:\/\/mallwp.wufadu.top\/index.php\/wp-json\/wp\/v2\/product_tag?post=2813571"}],"curies":[{"name":"wp","href":"https:\/\/api.w.org\/{rel}","templated":true}]}}