{"id":2904719,"date":"2025-08-24T22:34:54","date_gmt":"2025-08-24T22:34:54","guid":{"rendered":""},"modified":"2025-08-24T22:34:54","modified_gmt":"2025-08-24T22:34:54","slug":"calceta-snowboot-winterstiefel","status":"publish","type":"product","link":"https:\/\/mallwp.wufadu.top\/index.php\/product\/calceta-snowboot-winterstiefel\/","title":{"rendered":"CALCETA &#8211; Snowboot\/Winterstiefel"},"content":{"rendered":"<p>Sportart : Wandern &#038; Trekking<br \/>Wetter : Schnee<br \/>Schuhspitze : Rund<br \/>Absatzform : Flach<br \/>Verschluss : Schn\u00fcrung<br \/>Muster : Unifarben<br \/>Details : Bergsteiger\u00f6sen<br \/>Funktion : Atmungsaktiv, wasserdicht<br \/>Extras : Verst\u00e4rkte Ferse, verst\u00e4rkte Fu\u00dfspitze<br \/>Au\u00dfensohle : Flexibel, mit Profil, antirutsch<br \/>Innensohle : Gepolstert, herausnehmbar, konturiert<br \/>Artikelnummer : LO741C01D-K11<\/p>\n","protected":false},"excerpt":{"rendered":"<p>Sportart : Wandern &#038; Trekking<br \/>Wetter : Schnee<br \/>Schuhspitze : Rund<br \/>Absatzform : Flach<br \/>Verschluss : Schn\u00fcrung<br \/>Muster : Unifarben<br \/>Details : Bergsteiger\u00f6sen<br \/>Funktio<\/p>\n","protected":false},"featured_media":0,"comment_status":"open","ping_status":"closed","template":"","meta":[],"product_brand":[456],"product_cat":[2180,2531,2566],"product_tag":[],"class_list":{"0":"post-2904719","1":"product","2":"type-product","3":"status-publish","5":"product_brand-lowa","6":"product_cat-damen","7":"product_cat-schuhe-3","8":"product_cat-sportschuhe-3","10":"first","11":"instock","12":"shipping-taxable","13":"purchasable","14":"product-type-variable"},"jetpack_sharing_enabled":true,"_links":{"self":[{"href":"https:\/\/mallwp.wufadu.top\/index.php\/wp-json\/wp\/v2\/product\/2904719","targetHints":{"allow":["GET"]}}],"collection":[{"href":"https:\/\/mallwp.wufadu.top\/index.php\/wp-json\/wp\/v2\/product"}],"about":[{"href":"https:\/\/mallwp.wufadu.top\/index.php\/wp-json\/wp\/v2\/types\/product"}],"replies":[{"embeddable":true,"href":"https:\/\/mallwp.wufadu.top\/index.php\/wp-json\/wp\/v2\/comments?post=2904719"}],"wp:attachment":[{"href":"https:\/\/mallwp.wufadu.top\/index.php\/wp-json\/wp\/v2\/media?parent=2904719"}],"wp:term":[{"taxonomy":"product_brand","embeddable":true,"href":"https:\/\/mallwp.wufadu.top\/index.php\/wp-json\/wp\/v2\/product_brand?post=2904719"},{"taxonomy":"product_cat","embeddable":true,"href":"https:\/\/mallwp.wufadu.top\/index.php\/wp-json\/wp\/v2\/product_cat?post=2904719"},{"taxonomy":"product_tag","embeddable":true,"href":"https:\/\/mallwp.wufadu.top\/index.php\/wp-json\/wp\/v2\/product_tag?post=2904719"}],"curies":[{"name":"wp","href":"https:\/\/api.w.org\/{rel}","templated":true}]}}