{"id":327065,"date":"2025-08-24T20:39:04","date_gmt":"2025-08-24T20:39:04","guid":{"rendered":""},"modified":"2025-08-24T20:39:04","modified_gmt":"2025-08-24T20:39:04","slug":"greenfinch-wintermantel","status":"publish","type":"product","link":"https:\/\/mallwp.wufadu.top\/index.php\/product\/greenfinch-wintermantel\/","title":{"rendered":"GREENFINCH &#8211; Wintermantel"},"content":{"rendered":"<p>Sportart : Bergsteigen, Urban Outdoor<br \/>Wetter : Schnee<br \/>Kragen : Kapuze<br \/>Kragen : Kinnschutz, hochabschlie\u00dfend<br \/>Bel\u00fcftung : Unterarmrei\u00dfverschl\u00fcsse<br \/>Verschluss : Rei\u00dfverschluss<br \/>Taschen : Pattentaschen<br \/>Verschluss : Frontrei\u00dfverschluss durchgehend, Zwei-Wege-Zipper, unterlegt<br \/>Kapuze : Verstellbar<br \/>\u00c4rmelb\u00fcndchen : Elastisch<br \/>Details Kapuze : Gef\u00fctterte Kapuze<br \/>Muster : Unifarben<br \/>Details : Zwei-Wege-Rei\u00dfverschluss, unterlegter Rei\u00dfverschluss<br \/>Funktion : Wasserabweisend<br \/>Au\u00dfensohle : Abriebfest<br \/>Artikelnummer : VA443F02E-K11<\/p>\n","protected":false},"excerpt":{"rendered":"<p>Sportart : Bergsteigen, Urban Outdoor<br \/>Wetter : Schnee<br \/>Kragen : Kapuze<br \/>Kragen : Kinnschutz, hochabschlie\u00dfend<br \/>Bel\u00fcftung : Unterarmrei\u00dfverschl\u00fcsse<br \/>Verschluss : Rei\u00dfvers<\/p>\n","protected":false},"featured_media":0,"comment_status":"open","ping_status":"closed","template":"","meta":[],"product_brand":[330],"product_cat":[582,45,672],"product_tag":[],"class_list":{"0":"post-327065","1":"product","2":"type-product","3":"status-publish","5":"product_brand-vaude","6":"product_cat-bekleidung","7":"product_cat-kinder","8":"product_cat-sportbekleidung","10":"first","11":"instock","12":"shipping-taxable","13":"purchasable","14":"product-type-variable"},"jetpack_sharing_enabled":true,"_links":{"self":[{"href":"https:\/\/mallwp.wufadu.top\/index.php\/wp-json\/wp\/v2\/product\/327065","targetHints":{"allow":["GET"]}}],"collection":[{"href":"https:\/\/mallwp.wufadu.top\/index.php\/wp-json\/wp\/v2\/product"}],"about":[{"href":"https:\/\/mallwp.wufadu.top\/index.php\/wp-json\/wp\/v2\/types\/product"}],"replies":[{"embeddable":true,"href":"https:\/\/mallwp.wufadu.top\/index.php\/wp-json\/wp\/v2\/comments?post=327065"}],"wp:attachment":[{"href":"https:\/\/mallwp.wufadu.top\/index.php\/wp-json\/wp\/v2\/media?parent=327065"}],"wp:term":[{"taxonomy":"product_brand","embeddable":true,"href":"https:\/\/mallwp.wufadu.top\/index.php\/wp-json\/wp\/v2\/product_brand?post=327065"},{"taxonomy":"product_cat","embeddable":true,"href":"https:\/\/mallwp.wufadu.top\/index.php\/wp-json\/wp\/v2\/product_cat?post=327065"},{"taxonomy":"product_tag","embeddable":true,"href":"https:\/\/mallwp.wufadu.top\/index.php\/wp-json\/wp\/v2\/product_tag?post=327065"}],"curies":[{"name":"wp","href":"https:\/\/api.w.org\/{rel}","templated":true}]}}