{"id":3386982,"date":"2025-08-24T22:53:45","date_gmt":"2025-08-24T22:53:45","guid":{"rendered":""},"modified":"2025-08-24T22:53:45","modified_gmt":"2025-08-24T22:53:45","slug":"moab-speed-2-gtx-sneaker-high-greige","status":"publish","type":"product","link":"https:\/\/mallwp.wufadu.top\/index.php\/product\/moab-speed-2-gtx-sneaker-high-greige\/","title":{"rendered":"MOAB SPEED 2 GTX &#8211; Sneaker high &#8211; greige"},"content":{"rendered":"<p>Sportart : Wandern &#038; Trekking<br \/>Wetter : Regen<br \/>Geeignet f\u00fcr : Trail<br \/>Stabilit\u00e4t : Neutral<br \/>D\u00e4mpfung : Moderat<br \/>Schuhspitze : Rund<br \/>Absatzform : Flach<br \/>Verschluss : Schn\u00fcrung<br \/>Muster : Unifarben<br \/>Details : Cut-Outs<br \/>Funktion : Atmungsaktiv, wasserdicht<br \/>Extras : Verst\u00e4rkte Fu\u00dfspitze, verst\u00e4rkte Ferse, Zuglasche an der Ferse, Zuglasche an der Zunge<br \/>Au\u00dfensohle : Abriebfest, antirutsch, mit Profil<br \/>Innensohle : Gepolstert, herausnehmbar, konturiert<br \/>Artikelnummer : ME141A0G9-B11<\/p>\n","protected":false},"excerpt":{"rendered":"<p>Sportart : Wandern &#038; Trekking<br \/>Wetter : Regen<br \/>Geeignet f\u00fcr : Trail<br \/>Stabilit\u00e4t : Neutral<br \/>D\u00e4mpfung : Moderat<br \/>Schuhspitze : Rund<br \/>Absatzform : Flach<br \/>Verschluss : Sc<\/p>\n","protected":false},"featured_media":0,"comment_status":"open","ping_status":"closed","template":"","meta":[],"product_brand":[458],"product_cat":[2180,2531,2673],"product_tag":[],"class_list":{"0":"post-3386982","1":"product","2":"type-product","3":"status-publish","5":"product_brand-merrell","6":"product_cat-damen","7":"product_cat-schuhe-3","8":"product_cat-sneaker-3","10":"first","11":"instock","12":"shipping-taxable","13":"purchasable","14":"product-type-variable"},"jetpack_sharing_enabled":true,"_links":{"self":[{"href":"https:\/\/mallwp.wufadu.top\/index.php\/wp-json\/wp\/v2\/product\/3386982","targetHints":{"allow":["GET"]}}],"collection":[{"href":"https:\/\/mallwp.wufadu.top\/index.php\/wp-json\/wp\/v2\/product"}],"about":[{"href":"https:\/\/mallwp.wufadu.top\/index.php\/wp-json\/wp\/v2\/types\/product"}],"replies":[{"embeddable":true,"href":"https:\/\/mallwp.wufadu.top\/index.php\/wp-json\/wp\/v2\/comments?post=3386982"}],"wp:attachment":[{"href":"https:\/\/mallwp.wufadu.top\/index.php\/wp-json\/wp\/v2\/media?parent=3386982"}],"wp:term":[{"taxonomy":"product_brand","embeddable":true,"href":"https:\/\/mallwp.wufadu.top\/index.php\/wp-json\/wp\/v2\/product_brand?post=3386982"},{"taxonomy":"product_cat","embeddable":true,"href":"https:\/\/mallwp.wufadu.top\/index.php\/wp-json\/wp\/v2\/product_cat?post=3386982"},{"taxonomy":"product_tag","embeddable":true,"href":"https:\/\/mallwp.wufadu.top\/index.php\/wp-json\/wp\/v2\/product_tag?post=3386982"}],"curies":[{"name":"wp","href":"https:\/\/api.w.org\/{rel}","templated":true}]}}