{"id":532300,"date":"2025-08-24T20:47:21","date_gmt":"2025-08-24T20:47:21","guid":{"rendered":""},"modified":"2025-08-24T20:47:21","modified_gmt":"2025-08-24T20:47:21","slug":"neutral-td-schneehose-16","status":"publish","type":"product","link":"https:\/\/mallwp.wufadu.top\/index.php\/product\/neutral-td-schneehose-16\/","title":{"rendered":"NEUTRAL TD &#8211; Schneehose"},"content":{"rendered":"<p>Sportart : Snowboard, Ski Alpin<br \/>Wetter : Schnee<br \/>Bund : Teilelastisch<br \/>Leibh\u00f6he : Normal<br \/>Beinrei\u00dfverschl\u00fcsse zur Bel\u00fcftung : Nicht durchg\u00e4ngig<br \/>Volumenregulierung : Im Beinabschluss<br \/>Extras : Hosentr\u00e4ger<br \/>Taschen : Seitentaschen<br \/>Beinabschluss : Mit Rei\u00dfverschluss<br \/>Taschen : Einschubtaschen<br \/>Muster : Unifarben<br \/>Details : Elastischer Bund, Abdeckleiste<br \/>Verst\u00e4rkungen : Kn\u00f6chelinnenseite<br \/>Funktion : Atmungsaktiv, wasserabweisend<br \/>Anzahl Schichten : Zwei Lagen<br \/>Gewicht : 0 g<br \/>Artikelnummer : P4443E01N-Q11<\/p>\n","protected":false},"excerpt":{"rendered":"<p>Sportart : Snowboard, Ski Alpin<br \/>Wetter : Schnee<br \/>Bund : Teilelastisch<br \/>Leibh\u00f6he : Normal<br \/>Beinrei\u00dfverschl\u00fcsse zur Bel\u00fcftung : Nicht durchg\u00e4ngig<br \/>Volumenregulierung : Im<\/p>\n","protected":false},"featured_media":0,"comment_status":"open","ping_status":"closed","template":"","meta":[],"product_brand":[101],"product_cat":[582,45,752],"product_tag":[],"class_list":{"0":"post-532300","1":"product","2":"type-product","3":"status-publish","5":"product_brand-protest","6":"product_cat-bekleidung","7":"product_cat-kinder","8":"product_cat-oberbekleidung","10":"first","11":"instock","12":"shipping-taxable","13":"purchasable","14":"product-type-variable"},"jetpack_sharing_enabled":true,"_links":{"self":[{"href":"https:\/\/mallwp.wufadu.top\/index.php\/wp-json\/wp\/v2\/product\/532300","targetHints":{"allow":["GET"]}}],"collection":[{"href":"https:\/\/mallwp.wufadu.top\/index.php\/wp-json\/wp\/v2\/product"}],"about":[{"href":"https:\/\/mallwp.wufadu.top\/index.php\/wp-json\/wp\/v2\/types\/product"}],"replies":[{"embeddable":true,"href":"https:\/\/mallwp.wufadu.top\/index.php\/wp-json\/wp\/v2\/comments?post=532300"}],"wp:attachment":[{"href":"https:\/\/mallwp.wufadu.top\/index.php\/wp-json\/wp\/v2\/media?parent=532300"}],"wp:term":[{"taxonomy":"product_brand","embeddable":true,"href":"https:\/\/mallwp.wufadu.top\/index.php\/wp-json\/wp\/v2\/product_brand?post=532300"},{"taxonomy":"product_cat","embeddable":true,"href":"https:\/\/mallwp.wufadu.top\/index.php\/wp-json\/wp\/v2\/product_cat?post=532300"},{"taxonomy":"product_tag","embeddable":true,"href":"https:\/\/mallwp.wufadu.top\/index.php\/wp-json\/wp\/v2\/product_tag?post=532300"}],"curies":[{"name":"wp","href":"https:\/\/api.w.org\/{rel}","templated":true}]}}