{"id":5334113,"date":"2025-08-25T00:15:02","date_gmt":"2025-08-25T00:15:02","guid":{"rendered":""},"modified":"2025-08-25T00:15:02","modified_gmt":"2025-08-25T00:15:02","slug":"floral-freizeitkleid-12","status":"publish","type":"product","link":"https:\/\/mallwp.wufadu.top\/index.php\/product\/floral-freizeitkleid-12\/","title":{"rendered":"FLORAL  &#8211; Freizeitkleid"},"content":{"rendered":"<p>Ausschnitt : Henley<br \/>Verschluss : Kordel<br \/>Taschen : Eingrifftaschen<br \/>Muster : Gebl\u00fcmt<br \/>Details : H\u00e4keleins\u00e4tze, Bord\u00fcre, Brustabn\u00e4her<br \/>Artikelnummer : N8H21C009-A11<\/p>\n","protected":false},"excerpt":{"rendered":"<p>Ausschnitt : Henley<br \/>Verschluss : Kordel<br \/>Taschen : Eingrifftaschen<br \/>Muster : Gebl\u00fcmt<br \/>Details : H\u00e4keleins\u00e4tze, Bord\u00fcre, Brustabn\u00e4her<br \/>Artikelnummer : N8H21C009-A11<\/p>\n","protected":false},"featured_media":0,"comment_status":"open","ping_status":"closed","template":"","meta":[],"product_brand":[584],"product_cat":[2687,2180,3166],"product_tag":[],"class_list":{"0":"post-5334113","1":"product","2":"type-product","3":"status-publish","5":"product_brand-newbie","6":"product_cat-bekleidung-3","7":"product_cat-damen","8":"product_cat-kleider-2","10":"first","11":"instock","12":"shipping-taxable","13":"purchasable","14":"product-type-variable"},"jetpack_sharing_enabled":true,"_links":{"self":[{"href":"https:\/\/mallwp.wufadu.top\/index.php\/wp-json\/wp\/v2\/product\/5334113","targetHints":{"allow":["GET"]}}],"collection":[{"href":"https:\/\/mallwp.wufadu.top\/index.php\/wp-json\/wp\/v2\/product"}],"about":[{"href":"https:\/\/mallwp.wufadu.top\/index.php\/wp-json\/wp\/v2\/types\/product"}],"replies":[{"embeddable":true,"href":"https:\/\/mallwp.wufadu.top\/index.php\/wp-json\/wp\/v2\/comments?post=5334113"}],"wp:attachment":[{"href":"https:\/\/mallwp.wufadu.top\/index.php\/wp-json\/wp\/v2\/media?parent=5334113"}],"wp:term":[{"taxonomy":"product_brand","embeddable":true,"href":"https:\/\/mallwp.wufadu.top\/index.php\/wp-json\/wp\/v2\/product_brand?post=5334113"},{"taxonomy":"product_cat","embeddable":true,"href":"https:\/\/mallwp.wufadu.top\/index.php\/wp-json\/wp\/v2\/product_cat?post=5334113"},{"taxonomy":"product_tag","embeddable":true,"href":"https:\/\/mallwp.wufadu.top\/index.php\/wp-json\/wp\/v2\/product_tag?post=5334113"}],"curies":[{"name":"wp","href":"https:\/\/api.w.org\/{rel}","templated":true}]}}