{"id":771110,"date":"2025-08-24T20:56:44","date_gmt":"2025-08-24T20:56:44","guid":{"rendered":""},"modified":"2025-08-24T20:56:44","modified_gmt":"2025-08-24T20:56:44","slug":"iphone-16-pro-handyhuelle","status":"publish","type":"product","link":"https:\/\/mallwp.wufadu.top\/index.php\/product\/iphone-16-pro-handyhuelle\/","title":{"rendered":"IPHONE 16 PRO  &#8211; Handyh\u00fclle"},"content":{"rendered":"<p>F\u00e4cher : Kartenf\u00e4cher<br \/>Muster : Unifarben<br \/>Artikelnummer : M3I52F04T-Q11<\/p>\n","protected":false},"excerpt":{"rendered":"<p>F\u00e4cher : Kartenf\u00e4cher<br \/>Muster : Unifarben<br \/>Artikelnummer : M3I52F04T-Q11<\/p>\n","protected":false},"featured_media":0,"comment_status":"open","ping_status":"closed","template":"","meta":[],"product_brand":[889],"product_cat":[809,808,873],"product_tag":[],"class_list":{"0":"post-771110","1":"product","2":"type-product","3":"status-publish","5":"product_brand-massimo-dutti","6":"product_cat-accessoires","7":"product_cat-herren","8":"product_cat-lifestyle-elektronik","10":"first","11":"instock","12":"shipping-taxable","13":"purchasable","14":"product-type-variable"},"jetpack_sharing_enabled":true,"_links":{"self":[{"href":"https:\/\/mallwp.wufadu.top\/index.php\/wp-json\/wp\/v2\/product\/771110","targetHints":{"allow":["GET"]}}],"collection":[{"href":"https:\/\/mallwp.wufadu.top\/index.php\/wp-json\/wp\/v2\/product"}],"about":[{"href":"https:\/\/mallwp.wufadu.top\/index.php\/wp-json\/wp\/v2\/types\/product"}],"replies":[{"embeddable":true,"href":"https:\/\/mallwp.wufadu.top\/index.php\/wp-json\/wp\/v2\/comments?post=771110"}],"wp:attachment":[{"href":"https:\/\/mallwp.wufadu.top\/index.php\/wp-json\/wp\/v2\/media?parent=771110"}],"wp:term":[{"taxonomy":"product_brand","embeddable":true,"href":"https:\/\/mallwp.wufadu.top\/index.php\/wp-json\/wp\/v2\/product_brand?post=771110"},{"taxonomy":"product_cat","embeddable":true,"href":"https:\/\/mallwp.wufadu.top\/index.php\/wp-json\/wp\/v2\/product_cat?post=771110"},{"taxonomy":"product_tag","embeddable":true,"href":"https:\/\/mallwp.wufadu.top\/index.php\/wp-json\/wp\/v2\/product_tag?post=771110"}],"curies":[{"name":"wp","href":"https:\/\/api.w.org\/{rel}","templated":true}]}}